he prime factors of 1889?
1889
List the prime factors of 4461.
3, 1487
What are the prime factors of 6298?
2, 47, 67
List the prime factors of 1017.
3, 113
What are the prime factors of 1673?
7, 239
List the prime factors of 484.
2, 11
List the prime factors of 12580.
2, 5, 17, 37
What are the prime factors of 1267?
7, 181
What are the prime factors of 3415?
5, 683
List the prime factors of 987.
3, 7, 47
List the prime factors of 28181.
28181
What are the prime factors of 13556?
2, 3389
What are the prime factors of 1010?
2, 5, 101
What are the prime factors of 285?
3, 5, 19
What are the prime factors of 1408?
2, 11
What are the prime factors of 12066?
2, 3, 2011
List the prime factors of 8317.
8317
List the prime factors of 31373.
137, 229
What are the prime factors of 70249?
70249
List the prime factors of 154.
2, 7, 11
List the prime factors of 1253.
7, 179
List the prime factors of 63824.
2, 3989
List the prime factors of 17629.
17, 61
What are the prime factors of 2521?
2521
What are the prime factors of 23489?
83, 283
What are the prime factors of 2633?
2633
What are the prime factors of 6724?
2, 41
List the prime factors of 3273.
3, 1091
List the prime factors of 123794.
2, 11, 17, 331
What are the prime factors of 2408?
2, 7, 43
What are the prime factors of 6013?
7, 859
List the prime factors of 78208.
2, 13, 47
List the prime factors of 2096.
2, 131
List the prime factors of 6.
2, 3
What are the prime factors of 787?
787
What are the prime factors of 9590?
2, 5, 7, 137
List the prime factors of 2016.
2, 3, 7
What are the prime factors of 453?
3, 151
What are the prime factors of 1572?
2, 3, 131
List the prime factors of 2774.
2, 19, 73
What are the prime factors of 96841?
113, 857
List the prime factors of 95644.
2, 23911
What are the prime factors of 12939?
3, 19, 227
What are the prime factors of 1215?
3, 5
What are the prime factors of 22070?
2, 5, 2207
List the prime factors of 94746.
2, 3, 15791
What are the prime factors of 3094?
2, 7, 13, 17
List the prime factors of 1905.
3, 5, 127
List the prime factors of 25800.
2, 3, 5, 43
List the prime factors of 2013.
3, 11, 61
List the prime factors of 10455.
3, 5, 17, 41
What are the prime factors of 639?
3, 71
List the prime factors of 910.
2, 5, 7, 13
List the prime factors of 68160.
2, 3, 5, 71
What are the prime factors of 2360?
2, 5, 59
What are the prime factors of 5790?
2, 3, 5, 193
What are the prime factors of 55471?
13, 17, 251
What are the prime factors of 49928?
2, 79
What are the prime factors of 35125?
5, 281
List the prime factors of 764.
2, 191
What are the prime factors of 16258?
2, 11, 739
What are the prime factors of 79134?
2, 3, 11, 109
What are the prime factors of 4727?
29, 163
What are the prime factors of 53463?
3, 71, 251
What are the prime factors of 13693?
13693
What are the prime factors of 17923?
17923
What are the prime factors of 4160?
2, 5, 13
List the prime factors of 1130.
2, 5, 113
What are the prime factors of 118739?
118739
List the prime factors of 7254.
2, 3, 13, 31
What are the prime factors of 115268?
2, 28817
List the prime factors of 39826.
2, 19913
What are the prime factors of 2959?
11, 269
List the prime factors of 1824.
2, 3, 19
What are the prime factors of 444?
2, 3, 37
What are the prime factors of 639?
3, 71
What are the prime factors of 274?
2, 137
What are the prime factors of 284?
2, 71
What are the prime factors of 1150?
2, 5, 23
List the prime factors of 8652.
2, 3, 7, 103
What are the prime factors of 1929?
3, 643
List the prime factors of 14418.
2, 3, 89
List the prime factors of 398.
2, 199
List the prime factors of 570.
2, 3, 5, 19
List the prime factors of 22182.
2, 3, 3697
List the prime factors of 5897.
5897
List the prime factors of 3933.
3, 19, 23
What are the prime factors of 918?
2, 3, 17
List the prime factors of 12678.
2, 3, 2113
List the prime factors of 52053.
3, 17351
List the prime factors of 951.
3, 317
List the prime factors of 4520.
2, 5, 113
List the prime factors of 13.
13
What are the prime factors of 10262?
2, 7, 733
What are the prime factors of 71808?
2, 3, 11, 17
List the prime factors of 829.
829
List the prime factors of 1105.
5, 13, 17
What are the prime factors of 10009?
10009
What are the prime factors of 31262?
2, 7, 11, 29
List the prime factors of 31376.
2, 37, 53
List the prime factors of 14507.
89, 163
List the prime factors of 15071.
7, 2153
What are the prime factors of 43687?
7, 79
What are the prime factors of 958?
2, 479
What are the prime factors of 23?
23
List the prime factors of 76228.
2, 17, 19, 59
List the prime factors of 72458.
2, 36229
What are the prime factors of 118018?
2, 59009
List the prime factors of 128337.
3, 11, 3889
What are the prime factors of 2847?
3, 13, 73
What are the prime factors of 5593?
7, 17, 47
What are the prime factors of 25477?
73, 349
List the prime factors of 5987.
5987
List the prime factors of 127.
127
List the prime factors of 534.
2, 3, 89
List the prime factors of 151.
151
What are the prime factors of 3575?
5, 11, 13
What are the prime factors of 7647?
3, 2549
What are the prime factors of 148275?
3, 5, 659
List the prime factors of 851.
23, 37
List the prime factors of 2119.
13, 163
List the prime factors of 3788.
2, 947
What are the prime factors of 145085?
5, 29017
List the prime factors of 6857.
6857
What are the prime factors of 129?
3, 43
What are the prime factors of 30848?
2, 241
List the prime factors of 14347.
14347
List the prime factors of 97.
97
What are the prime factors of 55650?
2, 3, 5, 7, 53
List the prime factors of 17453.
31, 563
What are the prime factors of 107334?
2, 3, 67, 89
What are the prime factors of 4534?
2, 2267
List the prime factors of 2266.
2, 11, 103
List the prime factors of 2552.
2, 11, 29
What are the prime factors of 171162?
2, 3, 37, 257
What are the prime factors of 1290?
2, 3, 5, 43
What are the prime factors of 712?
2, 89
What are the prime factors of 6590?
2, 5, 659
List the prime factors of 669.
3, 223
What are the prime factors of 1839?
3, 613
List the prime factors of 43.
43
List the prime factors of 1360.
2, 5, 17
List the prime factors of 2061.
3, 229
List the prime factors of 759.
3, 11, 23
What are the prime factors of 2178?
2, 3, 11
What are the prime factors of 85?
5, 17
List the prime factors of 3422.
2, 29, 59
What are the prime factors of 1287?
3, 11, 13
List the prime factors of 722.
2, 19
List the prime factors of 88660.
2, 5, 11, 13, 31
What are the prime factors of 177712?
2, 29, 383
List the prime factors of 128137.
97, 1321
List the prime factors of 694.
2, 347
List the prime factors of 3330.
2, 3, 5, 37
What are the prime factors of 1254?
2, 3, 11, 19
List the prime factors of 2665.
5, 13, 41
What are the prime factors of 20246?
2, 53, 191
What are the prime factors of 758?
2, 379
List the prime factors of 3840.
2, 3, 5
List the prime factors of 35288.
2, 11, 401
What are the prime factors of 21688?
2, 2711
What are the prime factors of 1750?
2, 5, 7
List the prime factors of 43.
43
List the prime factors of 1071.
3, 7, 17
List the prime factors of 1815.
3, 5, 11
List the prime factors of 22948.
2, 5737
List the prime factors of 997.
997
List the prime factors of 4195.
5, 839
List the prime factors of 3792.
2, 3, 79
What are the prime factors of 69532?
2, 17383
List the prime factors of 7787.
13, 599
List the prime factors of 336.
2, 3, 7
What are the prime factors of 10120?
2, 5, 11, 23
List the prime factors of 18664.
2, 2333
What are the prime factors of 956?
2, 239
What are the prime factors of 13984?
2, 19, 23
List the prime factors of 4288.
2, 67
List the prime factors of 12704.
2, 397
What are the prime factors of 3083?
3083
List the prime factors of 804.
2, 3, 67
What are the prime factors of 96?
2, 3
List the prime factors of 1053.
3, 13
List the prime factors of 94098.
2, 3, 15683
List the prime factors of 6387.
3, 2129
List the prime factors of 46252.
2, 31, 373
What are the prime factors of 110659?
41, 2699
What are the prime factors of 44878?
2, 19, 1181
What are the prime factors of 100240?
2, 5, 7, 179
What are the prime factors of 6320?
2, 5, 79
What are the prime factors of 2729?
2729
List the prime factors of 109537.
109537
List the prime factors of 857.
857
Li